 -8*n + k*n. What is the tens digit of n?
1
Let l(x) = -63*x**3 + 4*x**2 + 9*x + 10. What is the hundreds digit of l(-2)?
5
Let t be 12/54 - 328/18. Let y = t + 18. Suppose 2*u + c + 1 - 12 = y, 4*u + 3*c - 21 = 0. What is the units digit of u?
6
Let q be (-240)/15 - -1*4. Let k be (-23)/(-4) - (-1)/4. What is the units digit of k/4 - (-6)/q?
1
Let z = 34 + -28. Suppose 3*o + 3 = z*o. What is the units digit of o?
1
Let a = -2763 + 5202. What is the tens digit of a?
3
Suppose -2*g = -4*g + 10. Suppose -123 = 3*f + g*r, 4*f + 6*r - r + 169 = 0. What is the units digit of 1/(-5) - f/5?
9
Suppose 3*o = -38 + 62. Suppose o*f = 62 + 42. What is the units digit of f?
3
Let b = -820 - -1527. What is the tens digit of b?
0
Let v(t) = t**3 - 3*t - 22 + 15*t**2 - 16*t + 0*t. What is the units digit of v(-16)?
6
Suppose -2*s + 5*f - 25 = 0, 0*s - 5 = s - f. Let u = -145 - -248. Suppose -4*k + u = -z, -z + 3*z - 10 = s. What is the units digit of k?
7
Suppose -5*v - 8 = -3*x, 0*x = x - 3*v - 4. Let d = x + -7. What is the units digit of (-63)/d - (-3)/(-2)?
9
Let o = -1 + 16. Let v(l) = -2*l + l**2 - 3 - 6*l - 5*l. What is the units digit of v(o)?
7
Let z(o) = -o**2 - 4*o + 1. Let v(h) = -3*h**2 - 13*h + 3. Let f(t) = 2*v(t) - 7*z(t). Let u be f(-3). Suppose -u*r + 23 = -9. What is the units digit of r?
6
Suppose -5*r + a = -450, -2*r + a + 260 - 80 = 0. Suppose k = -19 + r. What is the units digit of k?
1
Let l(y) = -1095*y - 51. What is the hundreds digit of l(-2)?
1
Suppose 11*m - 7466 + 1251 = 0. What is the hundreds digit of m?
5
Suppose 0 = 5*b + 627 - 1977. What is the tens digit of b?
7
Let g be ((-12)/(-15))/((-5)/25). Let h(v) = 6*v**2 + 6*v + 1. What is the units digit of h(g)?
3
Let a(p) = 2*p + 2. Let w be a(7). Let i be 1/(6/56 - (-6)/42). What is the tens digit of (-1)/((w/(-84))/i)?
2
What is the hundreds digit of (1512/35)/(6/15)?
1
Let i = -16 + 26. Let m be i/(1/((-1)/1)). What is the units digit of 3/(-2)*m/1?
5
Let i = -68 + 111. Suppose -i + 186 = 13*a. What is the units digit of a?
1
Let c(a) = -2*a + 6. What is the tens digit of c(-4)?
1
Let w be -625 + -3 - (-8)/(-4). Let b = -429 - w. What is the units digit of b?
1
Suppose 0*g + 4*g - 8 = 0. Suppose 4*c = 3*z + 912, g*c - 306 = -2*z + 3*z. What is the units digit of ((-6)/9)/(8/z)?
5
Let w = 57 - 64. Let d(p) = -p**3 - 5*p**2 - 4*p + 14. What is the hundreds digit of d(w)?
1
Let y(o) be the third derivative of -o**4/12 + 11*o**3/6 + 19*o**2. What is the tens digit of y(-11)?
3
Let z = 4367 - 3006. What is the units digit of z?
1
What is the thousands digit of 282/8*5624/111?
1
Let r be 6/(-8) - 756/16. Let y be (r/(-10))/((-7)/(-105)). Suppose -5*w = 2*v - 3*w - 24, 0 = -5*v - 2*w + y. What is the units digit of v?
6
Let g = -115 + 78. Let a = 11 + g. Let i = a - -41. What is the tens digit of i?
1
What is the units digit of 7/42*9*3500/6?
5
Let s(p) = -p**3 + 5*p + 4 - 2 + 0*p - 5*p**2 - 1. What is the hundreds digit of s(-8)?
1
Suppose 4*w - 544 = -64. Let h = w - 12. What is the tens digit of (h/8)/((-1)/(-6))?
8
Suppose -3*x = -2*z + 7, -2*x - 3*x - 17 = 2*z. Let j(w) = -7*w. What is the tens digit of j(x)?
2
Let g(i) = 19*i**3 - 190*i**2 + 5*i - 10. What is the units digit of g(11)?
4
Let t be 258/((-1)/(-2)*2). Let y = -123 + t. What is the tens digit of y?
3
Let t(y) = -3*y - 3. Let z = 37 - 21. Suppose -2*g + 0*g - z = 0. What is the units digit of t(g)?
1
Let v(o) = -2*o + 22. Let j be v(10). What is the tens digit of (83 + -9)*j/4?
3
Let h be (2/(-3))/((-4)/(-42))*-3. Suppose -2*c + 2*t + 6 = 0, 10 = -c - 3*t + h. What is the units digit of c?
5
Let d(z) = -3*z**3 - 4*z**2 - 11*z - 30. What is the units digit of d(-6)?
0
Suppose 0 = 2*n + 2*x + 62, x = 5*n - 3*x + 110. Let k = 81 - n. What is the hundreds digit of k?
1
Suppose -416 = -4*a - 52. Let t = a + 98. What is the hundreds digit of t?
1
Let z(k) = 11*k**3 - 5*k**2 + 14*k - 5. What is the units digit of z(4)?
5
Suppose -p + 5962 = -0*p - 3*o, -2*o = -p + 5961. What is the tens digit of p?
5
Let f = -34 + 62. Suppose -n + 0*p + 34 = 2*p, -n = 4*p - 38. Suppose 5*l = b + 163, n = 2*l - 4*b - f. What is the tens digit of l?
3
Suppose 2*p - 106 = -4*c + 92, -5*c - 3*p + 248 = 0. Suppose 2*r - 3 = c. What is the tens digit of r?
2
Suppose -2*i = -3*t - 2634, 70*t - 1316 = -i + 71*t. What is the thousands digit of i?
1
Suppose 201 = -20*a + 21*a. What is the hundreds digit of a?
2
Let n(y) = -109*y - 3. What is the hundreds digit of n(-6)?
6
Let m(s) be the third derivative of 2*s**4/3 + 8*s**3/3 + 5*s**2. What is the units digit of m(5)?
6
Let p be 2/(-8) + 39/12. Suppose -p*r = -3*c + 19 + 11, 3*c = r + 28. Let z = c - 6. What is the units digit of z?
3
Let d = 62 + -36. What is the tens digit of d/(-91) + 184/7?
2
Let n(r) = -22*r**3 - r**2 + r + 2*r**2 + 0*r**2 + 1. Let l be ((-3)/9)/((-4)/(-12)). What is the tens digit of n(l)?
2
Let i be -38 + (-12)/(0 + -3). Let q = -33 - i. What is the units digit of q?
1
Let c = 2276 + -427. What is the units digit of c?
9
Let u be -6 + 10 - 58/2. Let h = -25 - u. Suppose h = -s + 5*s - 104. What is the units digit of s?
6
Let s = -17 + 19. Suppose -s*h - 17 = w - 103, 3*h = 4*w + 151. Suppose -8*t + 9*t = h. What is the tens digit of t?
4
What is the thousands digit of 21/(-28) + -17503*(-1)/4?
4
Let q(b) = -b**3 - 11*b**2 - b - 10. Suppose -s + 8 - 19 = 0. What is the units digit of q(s)?
1
Let l = 348 - 202. What is the units digit of l?
6
Suppose -3*d + 1447 = 2*r, -d + 187 = 5*r - 317. What is the hundreds digit of d?
4
Let s(f) = 2*f**3 + 14*f**2 - 14*f + 13. What is the hundreds digit of s(-7)?
1
Suppose 80 + 7 = 3*k. Suppose 24*s - k*s = -135. What is the tens digit of s?
2
Let j(x) be the first derivative of -35*x**4/24 - x**3/2 + x**2/2 - 5. Let a(l) be the second derivative of j(l). What is the tens digit of a(-1)?
3
Suppose 2*z + 4*t = 680, -8*t = -3*t + 5. What is the tens digit of z?
4
Suppose n - 550 = -4*s, 15*s + 1684 = 3*n + 10*s. What is the tens digit of n?
5
What is the units digit of ((-8)/8)/(2 + (-270)/134)?
7
Let j(a) = 52*a + 2017. What is the thousands digit of j(0)?
2
Let z be (4/4)/((-3)/(-18)). Let f = z + -3. What is the tens digit of (-40)/(-3) - f/9?
1
Suppose -o = -2*q + 991, 2*q - 3*o - 650 - 335 = 0. What is the hundreds digit of q?
4
Suppose 0 = -0*l + 4*l + 2*s - 12, 5*l - 2*s - 6 = 0. Suppose 14 = l*r - r. What is the tens digit of r?
1
What is the units digit of 22/77*11991/2?
3
Let w(h) be the third derivative of -5*h**4/24 + 7*h**3/3 + h**2. Let l(z) = -z**2 - 31*z - 64. Let t be l(-29). What is the tens digit of w(t)?
4
Let f be (2 + 2)*2/4. Let p be 8/14 - (-23322)/273. Suppose -f*o + p = 4*w, -4*w - 3*o - 32 = -5*w. What is the units digit of w?
3
Suppose -1622 = -4*a - 6*z, 9*z - 1 = 10*z. What is the units digit of a?
7
Let j(g) = 18*g**2 - 7*g - 45. What is the tens digit of j(-5)?
4
Let j be (-1 - (-15)/10)*-20. Let h = 71 + j. What is the units digit of h?
1
Let j = 1761 + -656. What is the hundreds digit of (j/34)/(1 - 14/16)?
2
Suppose -3*l = -0*l - 33. Let t be (-310)/20*(1 - l). Suppose 0 = 5*m + 20 - t. What is the tens digit of m?
2
Let x = 12 + -22. Let b be x/(-4)*16/20. Suppose -b*m + 264 = 4*m. What is the units digit of m?
4
Let h = 1836 - 933. What is the units digit of h?
3
Let s = 2018 - 1329. What is the hundreds digit of s?
6
Let f(m) = -3*m**2 + 5*m**2 + 1 - 2*m**2 + 2*m + 8*m**2. What is the units digit of f(2)?
7
Suppose 5*i - 267 = -4*n, -10 = 3*n + i - 224. What is the units digit of n?
3
What is the tens digit of 39*(-100)/(-45)*(-24)/(-20)?
0
Let v(f) = -f + 1. Let c be v(3). Let y be 32/((-2)/c + 0). Suppose 0*x - y = -2*x. What is the tens digit of x?
1
Let j = 315 - 349. Let o = 0 - 5. Let v = o - j. What is the units digit of v?
9
Let p = 232 + 14. What is the units digit of p?
6
Suppose 51 = -5*y - 129. Let v = 46 + y. What is the units digit of v?
0
Let x = 21 + -6. Suppose 9*j - x = 4*j. Suppose -60 = j*a - 7*a. What is the units digit of a?
5
Suppose 2*d - w - 2*w - 76 = 0, 112 = 3*d - 4*w. Let v = d + -3. What is the units digit of v?
9
Suppose 0 = 5*i + 10, -1226 = -22*j + 20*j - 2*i. What is the hundreds digit of j?
6
Let y = -9 - 0. Let b = y - -13. What is the units digit of b?
4
Let j(